{"id":4290,"date":"2023-07-20T10:03:52","date_gmt":"2023-07-20T09:03:52","guid":{"rendered":"https:\/\/www.goroka.tv\/?page_id=4290"},"modified":"2023-07-20T10:07:19","modified_gmt":"2023-07-20T09:07:19","slug":"politica-de-privacitat","status":"publish","type":"page","link":"https:\/\/www.goroka.tv\/ca\/politica-de-privacitat\/","title":{"rendered":"Pol\u00edtica de privacitat"},"content":{"rendered":"\n<p>La confidencialitat i la seguretat s\u00f3n valors primordials de GOROKA CONTENTS, SL i, en conseq\u00fc\u00e8ncia, assumim el comprom\u00eds de garantir la privacitat de l&#8217;usuari a tot moment i de no recaptar informaci\u00f3 innecess\u00e0ria sobre l&#8217;Usuari. A continuaci\u00f3, li proporcionem tota la informaci\u00f3 necess\u00e0ria sobre la nostra Pol\u00edtica de Privadesa en relaci\u00f3 amb les dades personals que recaptem, explicant-li:<\/p>\n\n\n\n<ul>\n<li>Qui \u00e9s el responsable del tractament de les seves dades.<\/li>\n\n\n\n<li>Per quines finalitats recaptem les dades que li sol\u00b7licitem.<\/li>\n\n\n\n<li>Quina \u00e9s la legitimaci\u00f3 per al seu tractament.<\/li>\n\n\n\n<li>Durant quant temps les conservem.<\/li>\n\n\n\n<li>A quins destinataris es comuniquen les seves dades.<\/li>\n\n\n\n<li>Quins s\u00f3n els seus drets.<\/li>\n<\/ul>\n\n\n\n<p><strong>1. Responsable:\u00a0<\/strong><\/p>\n\n\n\n<p>GOROKA CONTENTS, S.L. (B63764476)<br>Carrer Pujades 79<br>08005 de Barcelona\u00a0<br><a href=\"mailto:info@goroka.tv\">info@goroka.tv<\/a>\u00a0<\/p>\n\n\n\n<p>Delegat Protecci\u00f3 de Dades:<\/p>\n\n\n\n<p>Lant Abogados (Lant Advisors, S.L.P.)<br>Dades de contacte: <a href=\"mailto:delegado.datos@lavinia.tc\">delegado.datos@lavinia.tc<\/a>\u00a0<\/p>\n\n\n\n<p><strong>2. Finalitats, legitimaci\u00f3 i conservaci\u00f3 dels tractaments de les dades enviades a trav\u00e9s de:<\/strong><\/p>\n\n\n\n<ul>\n<li>FORMULARI DE CONTACTE.<br><strong>Finalitat:<\/strong> Facilitar-li un mitj\u00e0 perqu\u00e8 pugui posar-se en contacte amb nosaltres i contestar a les seves sol\u00b7licituds d&#8217;informaci\u00f3, aix\u00ed com enviar-li comunicacions dels nostres productes, serveis i activitats, inclusivament per mitjans electr\u00f2nics, si marca la casella d&#8217;acceptaci\u00f3.<br><strong>Legitimaci\u00f3:<\/strong> El consentiment de l&#8217;usuari en sol\u00b7licitar-nos informaci\u00f3 a trav\u00e9s del nostre formulari de contactes i en marcar la casella d&#8217;acceptaci\u00f3 d&#8217;enviament d&#8217;informaci\u00f3.<br><strong>Conservaci\u00f3:<\/strong> Una vegada resolta la seva sol\u00b7licitud per mitj\u00e0 del nostre formulari o contestada per correu electr\u00f2nic, si no ha generat un nou tractament, i en cas d&#8217;haver acceptat rebre enviaments comercials, fins que sol\u00b7liciti la baixa d&#8217;aquests.<\/li>\n<\/ul>\n\n\n\n<ul>\n<li>FORMULARI DE COMPRA ON-LINE.<br><strong>Finalitat:<\/strong> Gestionar les seves comandes i tramitar els productes i serveis adquirits pel client. Formalitzar, en el seu cas, la seva alta com a usuari registrat i remetre-li informaci\u00f3 comercial sobre els nostres productes i serveis, fins i tot\u00a0 per mitjans electr\u00f2nics.<br><strong>Legitimaci\u00f3:<\/strong> Execuci\u00f3 de la relaci\u00f3 contractual (compravenda de productes i serveis). Inter\u00e8s leg\u00edtim en mantenir informats als clients sobre els nostres productes i serveis. \u00a0<br><strong>Conservaci\u00f3:<\/strong> Durant el temps necessari per a l&#8217;execuci\u00f3 i gesti\u00f3 la compra dels productes i els tr\u00e0mits derivats de la mateixa i, posteriorment, durant els terminis legals de conservaci\u00f3. Mentre no ens demani la baixa comercial o la cancel\u00b7laci\u00f3 dels seus drets.<\/li>\n<\/ul>\n\n\n\n<ul>\n<li>FORMULARI DE REGISTRE.<br><strong>Finalitat:<\/strong> Donar-li d&#8217;alta com a usuari i permetre l&#8217;acc\u00e9s als serveis reservats a usuaris registrats de la nostra web i informar-li de les nostres activitats, productes i serveis, aix\u00ed com enviar-li comunicacions comercials dels nostres productes, serveis inclusivament per mitjans electr\u00f2nics, si marca la casella d&#8217;acceptaci\u00f3.<br><strong>Legitimaci\u00f3:<\/strong> El consentiment de l&#8217;usuari en registrar-se a trav\u00e9s del nostre formulari de registre. Inter\u00e8s leg\u00edtim del responsable a mantenir informats als seus clients sobre els seus productes i serveis.<br><strong>Conservaci\u00f3:<\/strong> Fins que l&#8217;usuari registrat sol\u00b7liciti la seva baixa i posteriorment durant els terminis legalment previstos.<\/li>\n<\/ul>\n\n\n\n<ul>\n<li>ENVIAMENT DE CORREUS ELECTR\u00d2NICS.<br><strong>Finalitat:<\/strong> Contestar a les seves sol\u00b7licituds d&#8217;informaci\u00f3, atendre les seves peticions i respondre les seves consultes o dubtes.<br><strong>Legitimaci\u00f3:<\/strong> El consentiment de l&#8217;usuari en sol\u00b7licitar-nos informaci\u00f3 a trav\u00e9s de l&#8217;adre\u00e7a de correu electr\u00f2nic.<br><strong>Conservaci\u00f3:<\/strong> Una vegada resolta la seva petici\u00f3 per correu electr\u00f2nic, si no ha generat un nou tractament.<\/li>\n<\/ul>\n\n\n\n<ul>\n<li>ENVIAMENT DEL CURR\u00cdCULUM VITAE PER CORREU ELECTR\u00d2NIC O MITJAN\u00c7ANT FORMULARI<br><strong>Finalitat:<\/strong> Disposar del seu curr\u00edculum per participar en els nostres processos de selecci\u00f3 de personal.<br><strong>Legitimaci\u00f3:<\/strong> El consentiment de l&#8217;usuari en remetre&#8217;ns la seva informaci\u00f3 personal i curr\u00edculum per als nostres processos de selecci\u00f3 de personal.<br><strong>Conservaci\u00f3:<\/strong> Durant el desenvolupament dels processos de selecci\u00f3 de personal oberts i durant 1 any per a futurs processos.<\/li>\n<\/ul>\n\n\n\n<ul>\n<li>SUBSCRIPCI\u00d3 A NOSTRA NEWSLETTER<br><strong>Finalitat:<\/strong> Enviament del nostre butllet\u00ed comercial i de comunicacions informatives i publicit\u00e0ries sobre els nostres productes o serveis que siguin del seu inter\u00e8s, fins i tot per mitjans electr\u00f2nics.<br><strong>Legitimaci\u00f3:<\/strong> El consentiment de l&#8217;usuari en subscriure&#8217;s als nostres enviaments comercials i\/o newsletters.<br><strong>Conservaci\u00f3:<\/strong> Fins que l&#8217;interessat rebutgi el consentiment i sol\u00b7liciti la baixa del servei.<\/li>\n<\/ul>\n\n\n\n<p><strong>Obligaci\u00f3 de facilitar-nos les seves dades personals i conseq\u00fc\u00e8ncies de no fer-ho.<\/strong><\/p>\n\n\n\n<p>El subministrament de dades personals requereix una edat m\u00ednima de 14 anys, o si escau, disposar de capacitat jur\u00eddica suficient per contractar.<\/p>\n\n\n\n<p>Les dades personals sol\u00b7licitades s\u00f3n necess\u00e0ries per gestionar les seves sol\u00b7licituds i\/o prestar-li els serveis que pugui contractar, per la qual cosa, si no ens les facilita, no podrem atendre-li correctament ni prestar-li el servei que ha sol\u00b7licitat.<\/p>\n\n\n\n<p><strong>3. Destinataris de les seves dades<\/strong><\/p>\n\n\n\n<p>Les seves dades s\u00f3n confidencials i no se cediran a tercers, tret que existeixi obligaci\u00f3 legal.<\/p>\n\n\n\n<p><strong>4. Drets en relaci\u00f3 amb les seves dades personals<\/strong><\/p>\n\n\n\n<p>Qualsevol persona pot retirar el seu consentiment en qualsevol moment, quan el mateix s&#8217;hagi atorgat per al tractament de les seves dades. En cap cas, la retirada d&#8217;aquest consentiment condiciona l&#8217;execuci\u00f3 del contracte de subscripci\u00f3 o les relacions generades amb anterioritat.<\/p>\n\n\n\n<p>Igualment, pot exercir els seg\u00fcents drets:<\/p>\n\n\n\n<ul>\n<li>Sol\u00b7licitar l&#8217;acc\u00e9s a les seves dades personals o la seva rectificaci\u00f3 quan siguin inexactes.<\/li>\n\n\n\n<li>Sol\u00b7licitar la seva supressi\u00f3 quan, entre altres motius, les dades ja no siguin necessaris per a les finalitats pels quals van ser recollits.<\/li>\n\n\n\n<li>Sol\u00b7licitar la limitaci\u00f3 del seu tractament en determinades circumst\u00e0ncies.<\/li>\n\n\n\n<li>Sol\u00b7licitar l&#8217;oposici\u00f3 al tractament de les seves dades per motius relacionats amb la seva situaci\u00f3 particular.<\/li>\n\n\n\n<li>Sol\u00b7licitar la portabilitat de les dades en els casos previstos en la normativa.<\/li>\n\n\n\n<li>Altres drets reconeguts en les normatives aplicables.<\/li>\n<\/ul>\n\n\n\n<p>On i com sol\u00b7licitar els seus Drets: Mitjan\u00e7ant un escrit dirigit al responsable a la seva adre\u00e7a postal o electr\u00f2nica (indicades a l&#8217;apartat A), indicant la referencia &#8220;Dades Personals&#8221;, especificant el dret que es vol exercir i respecte a quines dades personals.<\/p>\n\n\n\n<p>En cas de diverg\u00e8ncies amb l&#8217;empresa en relaci\u00f3 al tractament de les seves dades, pot presentar una reclamaci\u00f3 davant l&#8217;Autoritat de Protecci\u00f3 de Dades (<a href=\"http:\/\/www.agpd.es\/\">www.agpd.es<\/a>).<\/p>\n\n\n\n<p><strong>5. Cookies<\/strong><\/p>\n\n\n\n<p>Aquesta p\u00e0gina web, \u00fanicament utilitza cookies t\u00e8cniques, de personalitzaci\u00f3 i an\u00e0lisi, pr\u00f2pies i de tercers (Google Analytics), que en cap cas tracten dades de car\u00e0cter personal ni capten h\u00e0bits de navegaci\u00f3 per a finalitats publicit\u00e0ries.<\/p>\n\n\n\n<p>Per aix\u00f2, en accedir a la nostra web, en compliment de l&#8217;article 22 de la Llei de Serveis de la Societat de la Informaci\u00f3, en tractar cookies d&#8217;an\u00e0lisi, li hem sol\u00b7licitat el seu consentiment per al seu \u00fas i facilitat informaci\u00f3 d&#8217;aquestes, que en tot cas s&#8217;instal\u00b7laran passat un termini de temps prudencial perqu\u00e8 l&#8217;usuari tingui temps de decidir prestar el seu consentiment o no.<\/p>\n\n\n\n<p><strong>6. Seguretat de les seves dades personals<\/strong><\/p>\n\n\n\n<p>Amb l&#8217;objectiu de salvaguardar la seguretat de les seves dades personals, l&#8217;informem que hem adoptat totes les mesures d&#8217;\u00edndole t\u00e8cnica i organitzativa necess\u00e0ries per garantir la seguretat de les dades personals subministrades de la seva alteraci\u00f3, p\u00e8rdua, i tractaments o accessos no autoritzats.<\/p>\n\n\n\n<p><strong>7. Actualitzaci\u00f3 de les seves dades<\/strong><\/p>\n\n\n\n<p>\u00c9s important que perqu\u00e8 puguem mantenir les seves dades personals actualitzades, ens informi sempre que hi hagi hagut alguna modificaci\u00f3 en elles, en cas contrari, no responem de la veracitat d&#8217;aquestes.<\/p>\n\n\n\n<p>No ens fem responsables de la pol\u00edtica de privadesa respecte a les dades personals que pugui facilitar a tercers per mitj\u00e0 dels enlla\u00e7os disponibles a la nostra p\u00e0gina web.<\/p>\n\n\n\n<p>La present Pol\u00edtica de Privadesa pot ser modificada per adaptar-la als canvis que es produeixin a la nostra web, aix\u00ed com modificacions legislatives o jurisprudencials sobre dades personals que vagin apareixent, per la qual cosa exigeix la seva lectura, cada vegada que ens faciliti les seves dades a trav\u00e9s d&#8217;aquesta Web.<\/p>\n","protected":false},"excerpt":{"rendered":"La confidencialitat i la seguretat s\u00f3n valors primordials de GOROKA CONTENTS, SL i, en conseq\u00fc\u00e8ncia, assumim el comprom\u00eds de garantir la privacitat de l&#8217;usuari a tot moment i de no recaptar informaci\u00f3 innecess\u00e0ria sobre l&#8217;Usuari. A continuaci\u00f3, li proporcionem tota la informaci\u00f3 necess\u00e0ria sobre la nostra Pol\u00edtica de Privadesa en relaci\u00f3 amb les dades personals&#8230;","protected":false},"author":14,"featured_media":0,"parent":0,"menu_order":0,"comment_status":"closed","ping_status":"closed","template":"","meta":[],"acf":[],"_links":{"self":[{"href":"https:\/\/www.goroka.tv\/ca\/wp-json\/wp\/v2\/pages\/4290"}],"collection":[{"href":"https:\/\/www.goroka.tv\/ca\/wp-json\/wp\/v2\/pages"}],"about":[{"href":"https:\/\/www.goroka.tv\/ca\/wp-json\/wp\/v2\/types\/page"}],"author":[{"embeddable":true,"href":"https:\/\/www.goroka.tv\/ca\/wp-json\/wp\/v2\/users\/14"}],"replies":[{"embeddable":true,"href":"https:\/\/www.goroka.tv\/ca\/wp-json\/wp\/v2\/comments?post=4290"}],"version-history":[{"count":4,"href":"https:\/\/www.goroka.tv\/ca\/wp-json\/wp\/v2\/pages\/4290\/revisions"}],"predecessor-version":[{"id":4300,"href":"https:\/\/www.goroka.tv\/ca\/wp-json\/wp\/v2\/pages\/4290\/revisions\/4300"}],"wp:attachment":[{"href":"https:\/\/www.goroka.tv\/ca\/wp-json\/wp\/v2\/media?parent=4290"}],"curies":[{"name":"wp","href":"https:\/\/api.w.org\/{rel}","templated":true}]}}

Política de privacitat

<p>La confidencialitat i la seguretat són valors primordials de GOROKA CONTENTS, SL i, en conseqüència, assumim el compromís de garantir la privacitat de l&#8217;usuari a tot moment i de no recaptar informació innecessària sobre l&#8217;Usuari. A continuació, li proporcionem tota la informació necessària sobre la nostra Política de Privadesa en relació amb les dades personals que recaptem, explicant-li:</p>



<ul>
<li>Qui és el responsable del tractament de les seves dades.</li>



<li>Per quines finalitats recaptem les dades que li sol·licitem.</li>



<li>Quina és la legitimació per al seu tractament.</li>



<li>Durant quant temps les conservem.</li>



<li>A quins destinataris es comuniquen les seves dades.</li>



<li>Quins són els seus drets.</li>
</ul>



<p><strong>1. Responsable: </strong></p>



<p>GOROKA CONTENTS, S.L. (B63764476)<br>Carrer Pujades 79<br>08005 de Barcelona <br><a href="mailto:info@goroka.tv">info@goroka.tv</a> </p>



<p>Delegat Protecció de Dades:</p>



<p>Lant Abogados (Lant Advisors, S.L.P.)<br>Dades de contacte: <a href="mailto:delegado.datos@lavinia.tc">delegado.datos@lavinia.tc</a> </p>



<p><strong>2. Finalitats, legitimació i conservació dels tractaments de les dades enviades a través de:</strong></p>



<ul>
<li>FORMULARI DE CONTACTE.<br><strong>Finalitat:</strong> Facilitar-li un mitjà perquè pugui posar-se en contacte amb nosaltres i contestar a les seves sol·licituds d&#8217;informació, així com enviar-li comunicacions dels nostres productes, serveis i activitats, inclusivament per mitjans electrònics, si marca la casella d&#8217;acceptació.<br><strong>Legitimació:</strong> El consentiment de l&#8217;usuari en sol·licitar-nos informació a través del nostre formulari de contactes i en marcar la casella d&#8217;acceptació d&#8217;enviament d&#8217;informació.<br><strong>Conservació:</strong> Una vegada resolta la seva sol·licitud per mitjà del nostre formulari o contestada per correu electrònic, si no ha generat un nou tractament, i en cas d&#8217;haver acceptat rebre enviaments comercials, fins que sol·liciti la baixa d&#8217;aquests.</li>
</ul>



<ul>
<li>FORMULARI DE COMPRA ON-LINE.<br><strong>Finalitat:</strong> Gestionar les seves comandes i tramitar els productes i serveis adquirits pel client. Formalitzar, en el seu cas, la seva alta com a usuari registrat i remetre-li informació comercial sobre els nostres productes i serveis, fins i tot  per mitjans electrònics.<br><strong>Legitimació:</strong> Execució de la relació contractual (compravenda de productes i serveis). Interès legítim en mantenir informats als clients sobre els nostres productes i serveis.  <br><strong>Conservació:</strong> Durant el temps necessari per a l&#8217;execució i gestió la compra dels productes i els tràmits derivats de la mateixa i, posteriorment, durant els terminis legals de conservació. Mentre no ens demani la baixa comercial o la cancel·lació dels seus drets.</li>
</ul>



<ul>
<li>FORMULARI DE REGISTRE.<br><strong>Finalitat:</strong> Donar-li d&#8217;alta com a usuari i permetre l&#8217;accés als serveis reservats a usuaris registrats de la nostra web i informar-li de les nostres activitats, productes i serveis, així com enviar-li comunicacions comercials dels nostres productes, serveis inclusivament per mitjans electrònics, si marca la casella d&#8217;acceptació.<br><strong>Legitimació:</strong> El consentiment de l&#8217;usuari en registrar-se a través del nostre formulari de registre. Interès legítim del responsable a mantenir informats als seus clients sobre els seus productes i serveis.<br><strong>Conservació:</strong> Fins que l&#8217;usuari registrat sol·liciti la seva baixa i posteriorment durant els terminis legalment previstos.</li>
</ul>



<ul>
<li>ENVIAMENT DE CORREUS ELECTRÒNICS.<br><strong>Finalitat:</strong> Contestar a les seves sol·licituds d&#8217;informació, atendre les seves peticions i respondre les seves consultes o dubtes.<br><strong>Legitimació:</strong> El consentiment de l&#8217;usuari en sol·licitar-nos informació a través de l&#8217;adreça de correu electrònic.<br><strong>Conservació:</strong> Una vegada resolta la seva petició per correu electrònic, si no ha generat un nou tractament.</li>
</ul>



<ul>
<li>ENVIAMENT DEL CURRÍCULUM VITAE PER CORREU ELECTRÒNIC O MITJANÇANT FORMULARI<br><strong>Finalitat:</strong> Disposar del seu currículum per participar en els nostres processos de selecció de personal.<br><strong>Legitimació:</strong> El consentiment de l&#8217;usuari en remetre&#8217;ns la seva informació personal i currículum per als nostres processos de selecció de personal.<br><strong>Conservació:</strong> Durant el desenvolupament dels processos de selecció de personal oberts i durant 1 any per a futurs processos.</li>
</ul>



<ul>
<li>SUBSCRIPCIÓ A NOSTRA NEWSLETTER<br><strong>Finalitat:</strong> Enviament del nostre butlletí comercial i de comunicacions informatives i publicitàries sobre els nostres productes o serveis que siguin del seu interès, fins i tot per mitjans electrònics.<br><strong>Legitimació:</strong> El consentiment de l&#8217;usuari en subscriure&#8217;s als nostres enviaments comercials i/o newsletters.<br><strong>Conservació:</strong> Fins que l&#8217;interessat rebutgi el consentiment i sol·liciti la baixa del servei.</li>
</ul>



<p><strong>Obligació de facilitar-nos les seves dades personals i conseqüències de no fer-ho.</strong></p>



<p>El subministrament de dades personals requereix una edat mínima de 14 anys, o si escau, disposar de capacitat jurídica suficient per contractar.</p>



<p>Les dades personals sol·licitades són necessàries per gestionar les seves sol·licituds i/o prestar-li els serveis que pugui contractar, per la qual cosa, si no ens les facilita, no podrem atendre-li correctament ni prestar-li el servei que ha sol·licitat.</p>



<p><strong>3. Destinataris de les seves dades</strong></p>



<p>Les seves dades són confidencials i no se cediran a tercers, tret que existeixi obligació legal.</p>



<p><strong>4. Drets en relació amb les seves dades personals</strong></p>



<p>Qualsevol persona pot retirar el seu consentiment en qualsevol moment, quan el mateix s&#8217;hagi atorgat per al tractament de les seves dades. En cap cas, la retirada d&#8217;aquest consentiment condiciona l&#8217;execució del contracte de subscripció o les relacions generades amb anterioritat.</p>



<p>Igualment, pot exercir els següents drets:</p>



<ul>
<li>Sol·licitar l&#8217;accés a les seves dades personals o la seva rectificació quan siguin inexactes.</li>



<li>Sol·licitar la seva supressió quan, entre altres motius, les dades ja no siguin necessaris per a les finalitats pels quals van ser recollits.</li>



<li>Sol·licitar la limitació del seu tractament en determinades circumstàncies.</li>



<li>Sol·licitar l&#8217;oposició al tractament de les seves dades per motius relacionats amb la seva situació particular.</li>



<li>Sol·licitar la portabilitat de les dades en els casos previstos en la normativa.</li>



<li>Altres drets reconeguts en les normatives aplicables.</li>
</ul>



<p>On i com sol·licitar els seus Drets: Mitjançant un escrit dirigit al responsable a la seva adreça postal o electrònica (indicades a l&#8217;apartat A), indicant la referencia &#8220;Dades Personals&#8221;, especificant el dret que es vol exercir i respecte a quines dades personals.</p>



<p>En cas de divergències amb l&#8217;empresa en relació al tractament de les seves dades, pot presentar una reclamació davant l&#8217;Autoritat de Protecció de Dades (<a href="http://www.agpd.es/">www.agpd.es</a>).</p>



<p><strong>5. Cookies</strong></p>



<p>Aquesta pàgina web, únicament utilitza cookies tècniques, de personalització i anàlisi, pròpies i de tercers (Google Analytics), que en cap cas tracten dades de caràcter personal ni capten hàbits de navegació per a finalitats publicitàries.</p>



<p>Per això, en accedir a la nostra web, en compliment de l&#8217;article 22 de la Llei de Serveis de la Societat de la Informació, en tractar cookies d&#8217;anàlisi, li hem sol·licitat el seu consentiment per al seu ús i facilitat informació d&#8217;aquestes, que en tot cas s&#8217;instal·laran passat un termini de temps prudencial perquè l&#8217;usuari tingui temps de decidir prestar el seu consentiment o no.</p>



<p><strong>6. Seguretat de les seves dades personals</strong></p>



<p>Amb l&#8217;objectiu de salvaguardar la seguretat de les seves dades personals, l&#8217;informem que hem adoptat totes les mesures d&#8217;índole tècnica i organitzativa necessàries per garantir la seguretat de les dades personals subministrades de la seva alteració, pèrdua, i tractaments o accessos no autoritzats.</p>



<p><strong>7. Actualització de les seves dades</strong></p>



<p>És important que perquè puguem mantenir les seves dades personals actualitzades, ens informi sempre que hi hagi hagut alguna modificació en elles, en cas contrari, no responem de la veracitat d&#8217;aquestes.</p>



<p>No ens fem responsables de la política de privadesa respecte a les dades personals que pugui facilitar a tercers per mitjà dels enllaços disponibles a la nostra pàgina web.</p>



<p>La present Política de Privadesa pot ser modificada per adaptar-la als canvis que es produeixin a la nostra web, així com modificacions legislatives o jurisprudencials sobre dades personals que vagin apareixent, per la qual cosa exigeix la seva lectura, cada vegada que ens faciliti les seves dades a través d&#8217;aquesta Web.</p>

La confidencialitat i la seguretat són valors primordials de GOROKA CONTENTS, SL i, en conseqüència, assumim el compromís de garantir la privacitat de l&#8217;usuari a tot moment i de no recaptar informació innecessària sobre l&#8217;Usuari. A continuació, li proporcionem tota la informació necessària sobre la nostra Política de Privadesa en relació amb les dades personals&#8230;
